{"id":158,"date":"2019-08-12T21:42:12","date_gmt":"2019-08-13T02:42:12","guid":{"rendered":"http:\/\/jimenezsilva.com\/?page_id=158"},"modified":"2019-08-16T15:00:44","modified_gmt":"2019-08-16T20:00:44","slug":"services","status":"publish","type":"page","link":"https:\/\/jimenezsilva.com\/?page_id=158","title":{"rendered":"Servicios"},"content":{"rendered":"\n<div class=\"wp-block-coblocks-features coblocks-features-5514305838 mt-0\" data-columns=\"3\"><div class=\"wp-block-coblocks-features__inner has-no-padding has-no-margin has-large-gutter has-center-content\">\n<div class=\"wp-block-coblocks-feature coblocks-feature-55143058102\"><div class=\"wp-block-coblocks-feature__inner has-background-image bg-no-repeat bg-center-center bg-cover has-no-padding\" style=\"background-image:url(https:\/\/jimenezsilva.com\/wp-content\/uploads\/2019\/08\/LOGO-PNG.png)\"><\/div><\/div>\n\n\n\n<div class=\"wp-block-coblocks-feature coblocks-feature-55143058114\"><div class=\"wp-block-coblocks-feature__inner has-no-padding\"><\/div><\/div>\n\n\n\n<div class=\"wp-block-coblocks-feature coblocks-feature-5514310463\"><div class=\"wp-block-coblocks-feature__inner has-background-image bg-no-repeat bg-center-center bg-cover has-no-padding\" style=\"background-image:url(https:\/\/jimenezsilva.com\/wp-content\/uploads\/2019\/08\/portfolio-2a.jpg)\"><\/div><\/div>\n<\/div><\/div>\n\n\n\n<div class=\"wp-block-media-text alignwide has-media-on-the-right is-stacked-on-mobile\" style=\"grid-template-columns:auto 32%\"><figure class=\"wp-block-media-text__media\"><img loading=\"lazy\" decoding=\"async\" width=\"268\" height=\"188\" src=\"https:\/\/jimenezsilva.com\/wp-content\/uploads\/2019\/08\/descarga-2.jpg\" alt=\"\" class=\"wp-image-350\"\/><\/figure><div class=\"wp-block-media-text__content\">\n<h3 class=\"wp-block-heading\">VENTA O COMPRA<\/h3>\n\n\n\n<ul class=\"wp-block-list\"><li>Asesor\u00eda en el tramite del cr\u00e9dito (Bancario, Infonavit, Fovissste, Pemex ..)<\/li><li>Asesor\u00eda Legal<\/li><li>Asesor\u00eda Fiscal <\/li><li>Asesor\u00eda Inmobiliaria <\/li><li>Pre calificaci\u00f3n de cr\u00e9dito y monto <\/li><li>Saldo de la subcuenta de la vivienda <\/li><li>Vivienda como inversi\u00f3n o para vivir<\/li><\/ul>\n<\/div><\/div>\n\n\n\n<div class=\"wp-block-media-text alignwide is-stacked-on-mobile\" style=\"grid-template-columns:43% auto\"><figure class=\"wp-block-media-text__media\"><img decoding=\"async\" src=\"https:\/\/jimenezsilva.com\/wp-content\/uploads\/2019\/08\/services-2.jpg\" alt=\"\"\/><\/figure><div class=\"wp-block-media-text__content\">\n<h3 class=\"wp-block-heading\">           RENTA<\/h3>\n\n\n\n<ul class=\"wp-block-list\"><li>Visita al Inmueble<\/li><li> Elaboraci\u00f3n de ficha t\u00e9cnica<\/li><li> Promoci\u00f3n del Inmueble <\/li><li> Calificaci\u00f3n de prospectos<\/li><li> Elecci\u00f3n de prospectos (Investigaci\u00f3n de prospectos)<\/li><li> Elaboraci\u00f3n de contrato<\/li><li> Firma y entrega de expediente<\/li><li> Servicio al contrato<\/li><\/ul>\n\n\n\n<p><\/p>\n<\/div><\/div>\n\n\n\n<div class=\"wp-block-media-text alignwide has-media-on-the-right is-stacked-on-mobile\" style=\"grid-template-columns:auto 43%\"><figure class=\"wp-block-media-text__media\"><img loading=\"lazy\" decoding=\"async\" width=\"294\" height=\"171\" src=\"https:\/\/jimenezsilva.com\/wp-content\/uploads\/2019\/08\/opinion.jpg\" alt=\"\" class=\"wp-image-397\"\/><\/figure><div class=\"wp-block-media-text__content\">\n<h3 class=\"wp-block-heading\">           OPINI\u00d3N DE VALOR<\/h3>\n\n\n\n<ul class=\"wp-block-list\"><li>Visita al Inmueble<\/li><li> Elaboraci\u00f3n del estudio de mercado<\/li><li> Presentaci\u00f3n al propietario<\/li><\/ul>\n\n\n\n<p><\/p>\n<\/div><\/div>\n\n\n\n<div class=\"wp-block-media-text alignwide is-stacked-on-mobile\" style=\"grid-template-columns:43% auto\"><figure class=\"wp-block-media-text__media\"><img loading=\"lazy\" decoding=\"async\" width=\"357\" height=\"141\" src=\"https:\/\/jimenezsilva.com\/wp-content\/uploads\/2019\/08\/VALUA.jpg\" alt=\"\" class=\"wp-image-398\" srcset=\"https:\/\/jimenezsilva.com\/wp-content\/uploads\/2019\/08\/VALUA.jpg 357w, https:\/\/jimenezsilva.com\/wp-content\/uploads\/2019\/08\/VALUA-300x118.jpg 300w\" sizes=\"auto, (max-width: 357px) 100vw, 357px\" \/><\/figure><div class=\"wp-block-media-text__content\">\n<h3 class=\"wp-block-heading\">  VALUACI\u00d3N COMERCIAL<\/h3>\n\n\n\n<ul class=\"wp-block-list\"><li>Visita al Inmueble<\/li><li> Revisi\u00f3n de la documentaci\u00f3n<\/li><li> Elaboraci\u00f3n del avalu\u00f3 comercial<\/li><li> Presentaci\u00f3n del avalu\u00f3 al propietario<\/li><\/ul>\n\n\n\n<p><\/p>\n<\/div><\/div>\n\n\n\n<div class=\"wp-block-media-text alignwide has-media-on-the-right is-stacked-on-mobile\" style=\"grid-template-columns:auto 43%\"><figure class=\"wp-block-media-text__media\"><img loading=\"lazy\" decoding=\"async\" width=\"275\" height=\"183\" src=\"https:\/\/jimenezsilva.com\/wp-content\/uploads\/2019\/08\/GESTORIA.jpg\" alt=\"\" class=\"wp-image-396\"\/><\/figure><div class=\"wp-block-media-text__content\">\n<h3 class=\"wp-block-heading\">           GESTOR\u00cdA<\/h3>\n\n\n\n<ul class=\"wp-block-list\"><li>Elaboraci\u00f3n de tramites inherentes al inmueble<\/li><li> Regularizaci\u00f3n de servicios<\/li><li> Constancia de antecedentes registrales<\/li><li> Libertad de gravamen<\/li><li> Intestados <\/li><\/ul>\n\n\n\n<p><\/p>\n<\/div><\/div>\n\n\n\n<div class=\"wp-block-coblocks-row coblocks-row-77123959945\" data-columns=\"2\" data-layout=\"66-33\"><div class=\"wp-block-coblocks-row__inner has-medium-gutter has-no-padding has-no-margin is-stacked-on-mobile\">\n<div class=\"wp-block-coblocks-column coblocks-column-771240515\" style=\"width:66%\"><div class=\"wp-block-coblocks-column__inner has-no-padding has-no-margin\"><\/div><\/div>\n\n\n\n<div class=\"wp-block-coblocks-column coblocks-column-771240519\" style=\"width:33%\"><div class=\"wp-block-coblocks-column__inner has-no-padding has-no-margin\">\n<p><\/p>\n<\/div><\/div>\n<\/div><\/div>\n","protected":false},"excerpt":{"rendered":"<p>VENTA O COMPRA Asesor\u00eda en el tramite del cr\u00e9dito (Bancario, Infonavit, Fovissste, Pemex ..) Asesor\u00eda Legal Asesor\u00eda Fiscal Asesor\u00eda Inmobiliaria&hellip;<\/p>\n","protected":false},"author":1,"featured_media":0,"parent":0,"menu_order":0,"comment_status":"closed","ping_status":"closed","template":"","meta":{"_coblocks_attr":"","_coblocks_dimensions":"","_coblocks_responsive_height":"","_coblocks_accordion_ie_support":"","_joinchat":[],"footnotes":""},"class_list":["post-158","page","type-page","status-publish","hentry"],"_links":{"self":[{"href":"https:\/\/jimenezsilva.com\/index.php?rest_route=\/wp\/v2\/pages\/158","targetHints":{"allow":["GET"]}}],"collection":[{"href":"https:\/\/jimenezsilva.com\/index.php?rest_route=\/wp\/v2\/pages"}],"about":[{"href":"https:\/\/jimenezsilva.com\/index.php?rest_route=\/wp\/v2\/types\/page"}],"author":[{"embeddable":true,"href":"https:\/\/jimenezsilva.com\/index.php?rest_route=\/wp\/v2\/users\/1"}],"replies":[{"embeddable":true,"href":"https:\/\/jimenezsilva.com\/index.php?rest_route=%2Fwp%2Fv2%2Fcomments&post=158"}],"version-history":[{"count":19,"href":"https:\/\/jimenezsilva.com\/index.php?rest_route=\/wp\/v2\/pages\/158\/revisions"}],"predecessor-version":[{"id":402,"href":"https:\/\/jimenezsilva.com\/index.php?rest_route=\/wp\/v2\/pages\/158\/revisions\/402"}],"wp:attachment":[{"href":"https:\/\/jimenezsilva.com\/index.php?rest_route=%2Fwp%2Fv2%2Fmedia&parent=158"}],"curies":[{"name":"wp","href":"https:\/\/api.w.org\/{rel}","templated":true}]}}